ens digit of 1851269626?
2
What is the hundred millions digit of 128467411?
1
What is the millions digit of 691372257?
1
What is the thousands digit of 668672473?
2
What is the hundreds digit of 52648281?
2
What is the hundred millions digit of 580948267?
5
What is the hundred thousands digit of 122991411?
9
What is the hundred millions digit of 158801489?
1
What is the units digit of 7909006?
6
What is the millions digit of 3198129996?
8
What is the ten thousands digit of 50075468?
7
What is the tens digit of 347077164?
6
What is the hundred thousands digit of 63183061?
1
What is the units digit of 905660199?
9
What is the billions digit of 1024337679?
1
What is the hundred thousands digit of 34341889?
3
What is the units digit of 508424080?
0
What is the millions digit of 186457950?
6
What is the billions digit of 1884337335?
1
What is the millions digit of 113538453?
3
What is the units digit of 915055888?
8
What is the tens digit of 11770350?
5
What is the ten millions digit of 149279809?
4
What is the hundreds digit of 2070117340?
3
What is the ten millions digit of 220208267?
2
What is the millions digit of 630052543?
0
What is the tens digit of 186591624?
2
What is the ten thousands digit of 15824320?
2
What is the ten thousands digit of 75652142?
5
What is the hundred thousands digit of 997159371?
1
What is the ten thousands digit of 268824191?
2
What is the ten thousands digit of 49295384?
9
What is the thousands digit of 2987697884?
7
What is the hundreds digit of 1767057?
0
What is the millions digit of 34046222?
4
What is the units digit of 658443339?
9
What is the hundred thousands digit of 4353774249?
7
What is the hundreds digit of 440326857?
8
What is the tens digit of 30413321?
2
What is the ten thousands digit of 3134791906?
9
What is the ten thousands digit of 2534286761?
8
What is the ten thousands digit of 22726747?
2
What is the tens digit of 380403952?
5
What is the ten thousands digit of 1380608053?
0
What is the thousands digit of 35056197?
6
What is the units digit of 162658358?
8
What is the ten millions digit of 42220049?
4
What is the ten thousands digit of 1553520?
5
What is the millions digit of 1907787092?
7
What is the ten millions digit of 426139529?
2
What is the millions digit of 75136474?
5
What is the units digit of 154874949?
9
What is the hundreds digit of 68479267?
2
What is the millions digit of 36013988?
6
What is the ten millions digit of 15450420?
1
What is the thousands digit of 85813100?
3
What is the units digit of 8444215?
5
What is the tens digit of 3128173407?
0
What is the billions digit of 1081146774?
1
What is the thousands digit of 1143396002?
6
What is the millions digit of 21098305?
1
What is the tens digit of 360096696?
9
What is the hundred millions digit of 112255776?
1
What is the units digit of 33537288?
8
What is the thousands digit of 71637884?
7
What is the billions digit of 4584305412?
4
What is the units digit of 12702765?
5
What is the tens digit of 163211563?
6
What is the hundred thousands digit of 233965359?
9
What is the hundreds digit of 963616130?
1
What is the millions digit of 295818173?
5
What is the thousands digit of 60714898?
4
What is the ten thousands digit of 47925223?
2
What is the hundreds digit of 84983458?
4
What is the ten millions digit of 11273451?
1
What is the hundreds digit of 8348810?
8
What is the tens digit of 11198624?
2
What is the hundred thousands digit of 871985385?
9
What is the thousands digit of 4690780?
0
What is the ten thousands digit of 11208659?
0
What is the hundreds digit of 42875587?
5
What is the ten millions digit of 1884038747?
8
What is the ten thousands digit of 815781743?
8
What is the ten thousands digit of 87724982?
2
What is the thousands digit of 406452171?
2
What is the hundred thousands digit of 185596060?
5
What is the ten thousands digit of 101182839?
8
What is the ten thousands digit of 817576891?
7
What is the hundreds digit of 60786814?
8
What is the hundred thousands digit of 153411825?
4
What is the tens digit of 708080899?
9
What is the tens digit of 33075145?
4
What is the tens digit of 82882729?
2
What is the hundreds digit of 31773922?
9
What is the hundred millions digit of 717910798?
7
What is the hundred thousands digit of 262951591?
9
What is the hundred thousands digit of 62660208?
6
What is the billions digit of 2027867526?
2
What is the millions digit of 3890462?
3
What is the millions digit of 1687607008?
7
What is the units digit of 12360135?
5
What is the tens digit of 493535225?
2
What is the hundreds digit of 2990805557?
5
What is the millions digit of 115110517?
5
What is the hundred millions digit of 1320952251?
3
What is the millions digit of 293871304?
3
What is the ten millions digit of 215128961?
1
What is the units digit of 254124497?
7
What is the thousands digit of 11173645?
3
What is the units digit of 79047908?
8
What is the hundred thousands digit of 7962819?
9
What is the tens digit of 326661199?
9
What is the ten millions digit of 14239454?
1
What is the ten millions digit of 577946321?
7
What is the billions digit of 1105490527?
1
What is the ten millions digit of 201813231?
0
What is the ten millions digit of 26792634?
2
What is the hundred thousands digit of 583376761?
3
What is the hundreds digit of 165614186?
1
What is the hundreds digit of 5110928286?
2
What is the thousands digit of 89921004?
1
What is the tens digit of 571753898?
9
What is the units digit of 80973268?
8
What is the hundred thousands digit of 199952799?
9
What is the tens digit of 4694747590?
9
What is the hundred thousands digit of 12700410?
7
What is the millions digit of 1128876112?
8
What is the hundred thousands digit of 8198758123?
7
What is the thousands digit of 5183078787?
8
What is the tens digit of 64917166?
6
What is the millions digit of 57045925?
7
What is the ten millions digit of 102471514?
0
What is the ten thousands digit of 6253681?
5
What is the hundreds digit of 1111913616?
6
What is the units digit of 4901723945?
5
What is the thousands digit of 71088083?
8
What is the hundreds digit of 25904129?
1
What is the units digit of 2289638?
8
What is the thousands digit of 63155801?
5
What is the hundred thousands digit of 48373786?
3
What is the tens digit of 184806715?
1
What is the hundred millions digit of 578306390?
5
What is the ten millions digit of 195076807?
9
What is the ten millions digit of 127660635?
2
What is the ten thousands digit of 47396977?
9
What is the thousands digit of 939835200?
5
What is the ten thousands digit of 3474528562?
2
What is the millions digit of 15693702?
5
What is the hundred millions digit of 666307668?
6
What is the thousands digit of 66474554?
4
What is the hundred thousands digit of 360564382?
5
What is the thousands digit of 36869878?
9
What is the units digit of 1439400175?
5
What is the hundred thousands digit of 86488109?
4
What is the tens digit of 6483830976?
7
What is the ten thousands digit of 1590675639?
7
What is the hundred thousands digit of 8050493090?
4
What is the ten thousands digit of 1437897641?
9
What is the ten millions digit of 25103618?
2
What is the hundred thousands digit of 1107083994?
0
What is the hundreds digit of 1965424218?
2
What is the ten millions digit of 973056905?
7
What is the ten thousands digit of 78070053?
7
What is the tens digit of 1138002044?
4
What is the thousands digit of 283043240?
3
What is the hundred millions digit of 868803732?
8
What is the hundreds digit of 354568890?
8
What is the thousands digit of 63943747?
3
What is the units digit of 281029260?
0
What is the units digit of 2781608262?
2
What is the hundreds digit of 19610908?
9
What is the thousands digit of 393176622?
6
What is the ten millions digit of 330051195?
3
What is the units digit of 940536231?
1
What is the ten millions digit of 195202755?
9
What is the hundreds digit of 894955197?
1
What is the units digit of 2270204784?
4
What is the ten thousands digit of 77302042?
0
What is the hundreds digit of 8502625?
6
What is the ten millions digit of 274441686?
7
What is the hundreds digit of 1615215972?
9
What is the thousands digit of 98737659?
7
What is the ten millions digit of 1021095638?
2
What is the thousands digit of 58181308?
1
Wh